at is 8 + -2 + 3 - (-18 - -35)?
-8
0 + -1 + -12 + 25 + -20 - -32
24
-12 + 1 + -229 + 229
-11
Calculate 11 - (-25 - -5 - -9).
22
Calculate -2 + (-2 + 1 - -9 - (-1 - -25)).
-18
What is -5 - 15 - (-2 - (0 + -1) - -2)?
-21
What is (10 + -2 - 5 - -3) + 5?
11
Evaluate -8 - (-14 + 6) - 12 - 6.
-18
Evaluate -1 + (-2 + 5 - (0 + -12)).
14
Evaluate 1 - -24 - (-13 + -1 + (-149 - -165)).
23
What is the value of -9 + -6 + 12 + 2 + -1?
-2
-7 + 8 - (7 + 1) - (2 + -1)
-8
Calculate 7 - (9 + -8 + 12 + 13).
-19
5 - (25 - (17 + 31))
28
What is 276 + -278 - ((-7 - -1) + -1)?
5
What is the value of 12 + -7 - (17 - -2) - 11?
-25
Evaluate (-1 + -3 - (6 + -4)) + 24.
18
What is (-39 - -27 - -26) + (2 - 35)?
-19
Calculate 8 + -7 + -9 + 21 + -9 + 13.
17
What is the value of -17 + (33 + -4 + 4 - 5)?
11
What is the value of -2 + (-13 - (-9 - 7)) + -26?
-25
What is the value of 0 - (-4 + -2 + 10) - -8?
4
Calculate 8 + -5 + (7 + (-9 - 11) - -6).
-4
Calculate -13 - (6 - 10 - -2 - 5).
-6
7 + (-30 - -14 - -15)
6
What is (-2 - 0) + (7 - -1) + -77 + 87?
16
Evaluate (-7 + 2 - 10 - -8) + -4.
-11
What is (-1 - (-1 + -2) - (1 - 1)) + 13?
15
What is 8 + -8 - 6 - (9 - 36)?
21
What is 4 + (-9 - -11) + -5 + -17?
-16
What is 10 + (0 - 16) + (-7 - 4 - -16)?
-1
-22 + 6 + 2 + -12 + 13
-13
-2 - -22 - (2 + 1)
17
Calculate (0 - (-2 + -2)) + -9 + -7.
-12
What is the value of (2 - (10 - 2)) + 295 + -299?
-10
Evaluate 15 - ((16 - (-10 - -25)) + 18).
-4
31 + 10 + (1 - 13) + -1
28
-7 - (10 - 12 - -11 - 16)
0
What is -5 + (-12 - 3 - -7 - -6)?
-7
-19 + (17 - 4 - 17)
-23
Calculate -13 + 4 + 20 + -4 - -3.
10
Evaluate (13 - -14 - 38) + 10.
-1
What is -4 - (0 + -17 + 21)?
-8
29 - ((14 + -3 - 12 - 10) + 12)
28
Calculate 6 - -1 - (19 - 5) - 5.
-12
What is the value of 45 - (-1 + 45 + -35)?
36
What is 25 + (-13 + 1 - -1) + 390 + -379?
25
What is (11 + -7 - 1) + -20 - (2 - 5)?
-14
Evaluate -13 + 6 + (-1 - 18) + 6.
-20
What is 8 - 3 - (9 + -12 + 7)?
1
What is (10 - -21) + (13 + -8 - (3 + 2))?
31
-24 + -4 - (-231 - -225)
-22
23 + (3 - 5) + -6 - (-3 - 0)
18
What is the value of (12 - 19) + 18 + -21?
-10
What is -2 - (-6 + (2 - 2) + -7 - 0)?
11
What is (-5 + -3 - 1) + (35 - 40)?
-14
Evaluate 3 + 0 - (9 - -9) - (-7 + 3).
-11
Calculate (45 - 53) + 10 + -29.
-27
What is -18 - 3 - (-4 - 4 - 1)?
-12
0 - 4 - ((8 - (2 - 3)) + -5)
-8
Evaluate (12 - 27) + (-3 + 0 - -7).
-11
What is the value of 48 - (41 + -12) - 46?
-27
Evaluate 0 + (1 - (-3 + (-7 - -6))) - -4.
9
What is the value of (-3 - (-9 + -10)) + -19?
-3
(1 - 4) + (-12 - -7) - -8
0
Calculate 0 + (-20 - -17) + 7.
4
-6 + 25 - (-81 + 123)
-23
Evaluate (-36 - (20 - 57)) + (-2 - (0 + 1)).
-2
What is 2 + (-5 - -8) + -9 + 7 + 4?
7
What is 9 + -5 - (-65 + 63)?
6
Calculate -11 - (8 - (13 - -7 - 6)).
-5
Calculate (36 + (-13 - 3) - (7 - -2)) + 7.
18
Evaluate 9 + (-30 - -11) + 17.
7
Calculate -8 + (-6 - (4 + -19)) + -6 + 22.
17
What is 194 + -184 - (-4 - 0)?
14
Calculate -17 - 5 - (-52 - -40).
-10
What is 7 + -16 + 2 + (-10 - 7) + 12?
-12
What is the value of -29 - (4 + -17 + 14 - 5)?
-25
What is (20 - 4) + -12 + 8?
12
Calculate (-2 - (37 - 38)) + (9 - 0).
8
What is the value of 7 + (-3 - 1) + (15 - (-6 + 20))?
4
Evaluate (-2 - -2) + 199 + -209.
-10
Calculate -8 + 0 + (-7 - -10) + 8 + 9.
12
Evaluate -14 - -30 - 9 - (-2 - (1 - 4)).
6
What is (-19 - -10) + -11 + 39?
19
What is the value of (59 - 19 - 22) + -27?
-9
Evaluate (6 - (-4 + (-6 - -13))) + 6.
9
What is the value of 5 - 8 - -19 - (-2 + -2 + 6)?
14
Evaluate -1 - -26 - (-3 + -4) - (8 - 3).
27
What is the value of (-1 - 10) + 40 + 15 + -41?
3
What is (177 - 182) + (1 - -3)?
-1
Calculate 17 + (-11 - (3 + 13)).
-10
Calculate (67 - 94) + 9 + 18.
0
What is the value of -9 + (-7 - 10 - -8 - -30)?
12
(15 - 2 - 8) + -8
-3
What is the value of -3 - (3 + (-2 + -1 - (22 - 29)))?
-10
Calculate -2 + (-34 - -11 - -12).
-13
Calculate 7 + 25 + -71 + -7 + (6 - -1).
-39
-11 + 60 + -18 - 66
-35
(127 - 116) + -13 + (1 - -1)
0
What is the value of -14 + (15 - -8) - 18?
-9
Evaluate 25 + -25 + -11 + 19.
8
Evaluate 0 - (1 + 6 - (-20 + 18) - -1).
-10
What is -8 - (-11 - (-10 - -7)) - (1 - -3)?
-4
Calculate -1 - 14 - (-61 - (-65 + 6)).
-13
Evaluate -36 + 30 - (4 - 17).
7
What is -3 - (0 + 0) - (5 - (-8 + -1))?
-17
Evaluate 63 + -68 + 22 + 2 + -2 + 6.
23
What is 37 + (-17 - 28) - 0?
-8
Calculate (2 - 0) + (-16 - -34 - 20).
0
Calculate -27 + -40 + 25 + 40.
-2
Calculate (0 - (-10 + -4 + 5)) + -51 + 39.
-3
What is (2 - 6) + -10 - -4?
-10
Evaluate -12 + -77 + 65 - (-13 + 1).
-12
Evaluate -31 + 5 - -47 - 18.
3
Evaluate 32 + (-76 - -29) + 5.
-10
Calculate 23 + (-4 - -22) + -42.
-1
Evaluate (3 - 10) + 10 + -23 - (-3 - -9).
-26
-1 + -1 - (-368 - -345)
21
What is 20 + 18 + -47 - (3 + -22)?
10
What is the value of -17 - (-21 - -15) - (5 + -37 + -3)?
24
Calculate 3 + (3 + 1 + -8 - 1) + -1.
-3
0 + 5 + -4 + -5 - -4
0
Calculate -40 + (13 - -31 - 13).
-9
Evaluate 11 + 17 + -9 + 4 + -10.
13
Evaluate -22 + 34 - (-10 - -8).
14
What is (-2 - (-2 + -9)) + 361 + -401?
-31
Calculate -20 + 41 + 11 + -25.
7
What is the value of -1 - (-12 + 5) - (-8 - -2)?
12
What is the value of (31 - 40) + -4 + 17?
4
What is 8 - 21 - (-7 + 10)?
-16
Calculate 10 + (1 + 2 - (6 + -4) - 18).
-7
(12 - 3) + (1 + -1 - (-28 + 27))
10
Calculate -3 + (-10 + 13 - (-4 + 17)) + 0.
-13
What is (-1 - (0 + -3)) + -7 + -3 + -7?
-15
What is the value of (-11 - -26) + -19 - -13?
9
Calculate -1 - -1 - 2 - (-2 + 8 + -1).
-7
Evaluate -22 - (-50 - (1 - 19)).
10
What is the value of -1 + 1 - (2 + -20 - (-11 - 4))?
3
What is -6 + (6 + -1 - (-27 - -36))?
-10
What is (4 - 9) + -19 - (14 + -19)?
-19
Evaluate 29 + (8 + 4 - 36 - -13).
18
Evaluate -2 + 7 + -19 + 7 - -14.
7
-6 - 2 - (-24 + 4 + (-2 - 11))
25
What is the value of (14 - (-5 - 2)) + 11?
32
Calculate -10 - ((-2 - 22) + (22 - 11)).
3
-1 + -2 - (-3 - -18 - 4)
-14
What is -4 + 9 + 23 - 21?
7
-7 - (8 + -2 + -6 + -2)
-5
6 - 8 - -7 - ((-1 - -4) + 11)
-9
What is the value of 34 + (39 + -57 - -14)?
30
What is the value of 3 - 17 - (-2 + -18) - (-7 - -1)?
12
What is the value of 2 + 3 - (35 + -18 + 9) - -7?
-14
(-5 + 3 - 5) + (114 - 98) + -3
6
24 - (1 + (2 - (0 + -4)))
17
What is -4 + (-10 - (6 + -13 + 1))?
-8
Calculate -1 + (11 - 10) - ((5 - 3) + -6).
4
What is -13 + (-5 - -20) + 38 + -62?
-22
What is -19 + (5 - (-2 + (-8 - -7)))?
-11
Evaluate -2 + (1 - 4) - (43 + -108 + 49).
11
Calculate 45 + 3 + -21 + -13.
14
Evaluate 12 + 2 + -17 - 7.
-10
Evaluate -148 + 142 - (1 - 9).
2
Calculate -12 - (12 + (12 - (49 + -4))).
9
Evaluate -30 + 35 + -3 + 1.
3
Calculate -9 + 23 + 0 + 2 + -6.
10
Evaluate -24 + (3 - (2 - 3)) + (4 - 2).
-18
-14 + 8 + 7 + 5 - (0 - 3)
9
Evaluate -11 - ((-8 - -10) + -13 - -9).
-9
Evaluate -12 + (-10 - -16) + -2 + 2.
-6
What is the value of -21 + (2 - (-8 + -4))?
-7
Calculate -6 - (-2 + 4) - (1 - -2).
-11
What is the value of 55 + -28 - (28 - 0)?
-1
Evaluate -7 - (-3 - -11 - 16) - 1.
0
What is the value of -45 + (2 - -38) + 1 + -2?
-6
((10 + -4 - 6) + 4 - 12) + -3
-11
What is the value of 1 + (-68 + 75 - (-1 - -9))?
0
What is -4 + 14 + -27 + 14?
-3
29 - -5 - (249 - 201)
-14
What is -8 - -33 - ((-7 + 7 - 6) + 14)?
17
(16 - -2 - (-38 + 91)) + 17
-18
13 - (25 - 1) - (-2 - 10)
1
What is the value of 9 + 2 + 0 + 6 + -9?
8
Evaluate -57 - (-23 - (34 - 20)).
-20
-6 - (-2 + 4 + (145 - 160))
7
What is 33 + -25 + -3 - (3 + -1)?
3
Evaluate -13 - 11 - (0 + -10).
-14
36 - (3 - (1 + -60))
-26
Calculate 1 - 9 - (-13 + 2 + 3).
0
What is the value of (24 - -22) + 9 + -31?
24
What is the value of 0 + (-2 - (-2 + -3 - 0) - -3)?
6
What is -76 - -65 - -13 - (3 - -1 - 0)?
-2
8 + -12 + (9 - 8)
-3
What is -9 - 5 - (8 + -22 + -3)?
3
What is the value of 51 - (7 + -9 + 29)?
24
What is -18 - (-3 - 5 - (-6 - 7))?
-23
(9 + -25 + 16 - (3 + 1)) + 12
8
Calculate (3 - 4) + (2 - 5) - -5.
1
What is the value of 12 + -4 + 16 + -12?
12
What is the value of -27 - (-55 + 8 + 3)?
17
What is -9 + 1 - (-11 + 9 + -22 + 8)?
8
Evaluate -4 - 2 - (22 - 26).
-2
Calculate 7 - (0 + (55 - 30)).
-18
What is -66 + 85 + (-35 - -2)?
-14
Evaluate 25 + -33 - -15 - (27 + (2 - 4)).
-18
Evaluate -14 - (1 + 0) - (-35 - (20 - 54)).
-14
What is the value of (-7 - (-10 + 4)) + (10 - 3) + 6?
12
(13 + -62 - -10) + 27
-12
What is the value of 11 + -12 + (-18 - 8 - -10)?
-17
What is the value of -8 + -15 + (-19 - -49)